x be -2 + (-8)/(-6)*3. Let a(k) = 5*k + 11 + k**3 - 7 - x + 6*k**2. What is the units digit of a(-5)?
2
Let o = 95 - 67. Let m be (-6)/(-54)*2 + 104/18. Suppose -m = 3*c, -4*c = 2*k - 8*c - o. What is the units digit of k?
0
Let j be ((-24)/(-12))/(4/42*-1). Let y(l) = -l**3 - 22*l**2 - 25*l - 33. What is the tens digit of y(j)?
5
Suppose 2*s + 63 = 9*s. Suppose 12*g - s*g - 348 = 0. Let l = g - 60. What is the units digit of l?
6
Let l(o) = o + 91. Let j be l(0). Let g = 19 + -67. Let a = j + g. What is the tens digit of a?
4
Let p be (-480)/28*(-2 + 17/(-2)). Suppose a - 2*x - p = -0*a, 3*a + x - 533 = 0. What is the units digit of a?
8
Suppose 8*c - 16983 = 1121. What is the hundreds digit of c?
2
Suppose -5*l = -5*s - 80, 0*l + 50 = 5*l + s. Suppose 0 = -l*k + 12*k - 23. What is the units digit of k?
3
Let t be 996/6 - (-2)/2. Suppose -45 = -4*a + t. What is the tens digit of a?
5
Let q(y) = y**3 - 3*y**2 + 4. Let d be q(3). Suppose 4*k + v = 184, 184 = d*k - v - 2*v. What is the units digit of k?
6
Suppose -w = 3*g - 2, -4*w - g = -4*g - 23. Suppose w*l - l = 28. Suppose -2*i = -l*i + 165. What is the tens digit of i?
3
Let b(o) = o**3 + 24*o**2 - 24*o - 64. What is the tens digit of b(-24)?
1
Let q = 2136 + 357. What is the tens digit of q?
9
What is the hundreds digit of (93/15 - 7)/(2/(-650))?
2
Suppose 7*a - 3*a = 0. Let w(t) = -t**3 + 15*t**2 - 15*t + 10. Let x be w(14). What is the units digit of (a - 22)*x/8?
1
Let j be 2/((-2)/7)*1. Let m be (j - -8)*(3 - 1). Suppose 0 = -3*q + m*t + 21, -4*q - 4*t = q - 13. What is the units digit of q?
5
Let g = 1672 - 1483. What is the tens digit of g?
8
Let i = -8 - -10. Suppose -g + 1 = -2*n - 0*n, i*n - 2 = -2*g. Suppose 2*x + p - 64 = n, 0 = -2*x + 5*p - 2*p + 72. What is the units digit of x?
3
Let o(p) = 173*p + 104. What is the units digit of o(6)?
2
Suppose 4*s - 18 = 66. Let b = -183 + 187. Suppose -s - b = -y. What is the units digit of y?
5
Let w = 38 - 23. What is the hundreds digit of 3285/w + (-6)/9*6?
2
Let u = -10 - -11. Let f be -8 + u + 12 + -12. Let t(j) = j**2 + 3*j. What is the tens digit of t(f)?
2
Let n(s) = s**3 - 9*s**2 + 9*s - 5. Let u be n(8). Let b be -12 + (6 - u - 1). Let f = b + 18. What is the units digit of f?
8
What is the thousands digit of (-2)/6 - 88272/(-27)?
3
Suppose -8*y - 715 = -3059. What is the units digit of y?
3
Let g(m) = 4 + 14 - 4 - 3*m. What is the units digit of g(-15)?
9
Let t(n) = n**3 - 5*n**2 - 6*n + 9. Let o be t(7). Let s be (65/78)/((-1)/(-6)). Suppose -7*v + o + s = 0. What is the units digit of v?
0
Let u = 82 - 45. Suppose 2*n - 4 = 3*n, 0 = 3*b - n - u. What is the tens digit of b?
1
What is the thousands digit of ((-72)/(-126))/(((-2)/10157)/(-1))?
2
Let m(v) = 138*v**3 + 2*v**2 - 2*v - 7. What is the hundreds digit of m(2)?
1
Let w(z) = -z**3 - 7*z**2 + 8*z + 3. Suppose 2*m + 3*l + 105 = 0, -l = -m - 31 - 14. Let n be (1/1)/(6/m). What is the units digit of w(n)?
3
Let w = -5414 + 8279. What is the hundreds digit of w?
8
Suppose 55*j - 51*j = 18316. What is the thousands digit of j?
4
Suppose -3*r - 1 = -3*v - 7, -13 = -5*r + 4*v. Let q = r + -5. Let b = 3 - q. What is the units digit of b?
3
Suppose 6 = -11*j + 13*j. Suppose 2 = 4*l - r, -2*l - j*l - 4 = 2*r. Suppose -38 = 5*o + 4*f - 137, 3*o + f - 58 = l. What is the units digit of o?
9
Let n = 1873 - 855. What is the thousands digit of n?
1
Suppose 56*q - 55*q = -4*v + 324, -5*q = -2*v - 1576. What is the tens digit of q?
1
Suppose -3*b + 1056 = v, 5*b + 5*v = 8*b - 1074. What is the tens digit of b?
5
Suppose 5 = q, l - 54 = -3*q - 17. Let c = -21 + l. What is the units digit of c?
1
Suppose p = 58 + 146. Let i = p + -110. What is the tens digit of i?
9
Suppose 4*u - 3*u = 4. Suppose 0 = 9*j - u*j. Suppose 4*o - 5*r - 174 = 0, -4*o - 3*r + j*r + 190 = 0. What is the units digit of o?
6
Let h be (-7)/((-21)/6) - 2. Suppose h*v = -v. What is the tens digit of (60 + -3)*(1 - v)?
5
Let q = -36 - -63. Let u = -4 + q. What is the tens digit of 2/((-90)/u - -4)?
2
Suppose -1309 = -8*z + 1011. What is the hundreds digit of z?
2
Suppose -6*h + 4*h = 34. Let j = 11 + h. What is the units digit of ((-8)/j)/((-10)/(-60))?
8
Suppose 4*k - 16 = a, -4*k + a = -2*a - 24. Suppose k*h = -32 + 329. Let v = h + -49. What is the tens digit of v?
5
Let v = -363 - -672. Suppose v = 3*a + 63. What is the units digit of a?
2
Let s(j) = 17*j + 11. What is the tens digit of s(12)?
1
Let p(a) = a**2 - 9*a - 1. Let o be p(5). Suppose 553 = -1610*f + 1617*f. Let h = o + f. What is the tens digit of h?
5
Let w(l) = -117*l - 462. What is the thousands digit of w(-21)?
1
Suppose -f - 27 = -0*f - 3*m, 4*f = -5*m - 142. What is the units digit of 11/(f/2) - 71/(-3)?
3
Suppose 2*h - 6*h = -2172. What is the hundreds digit of h?
5
Let t = 52 + -35. Let c = t - 23. What is the tens digit of (-350)/c - 6/(-9)?
5
Let o = 139 + -139. Suppose -j + 68 - 16 = o. What is the units digit of j?
2
Suppose -4*a = -8*a - 5*z - 5, 0 = -2*a - 2*z - 2. Let f = 3 - a. What is the units digit of (-35)/(-15)*f*1?
7
Let m(x) = -153*x**3 + x**2 + 1. Let d = -7 + 6. What is the tens digit of m(d)?
5
Let z = -5725 - -9285. What is the thousands digit of z?
3
Suppose -4*p = 63 + 85. Let t = p + 100. What is the tens digit of t?
6
Let o = 57 - 45. Let q(s) = -s**3 + 10*s**2 + 25*s - 10. What is the units digit of q(o)?
2
Let s = 2056 - 908. What is the thousands digit of s?
1
Let w(x) = 6*x**3 - 7*x**2 + 3. Let t(z) = -z**3 + z**2 + z - 1. Let u(l) = -3*t(l) - w(l). Let o be u(2). Let y = o - -55. What is the units digit of y?
1
Let b = 15 + 12. Suppose 0 = -2*f + 2*y + 154, 11 - b = 4*y. What is the units digit of f?
3
Suppose -14 = -m - v + 1, m + 5*v + 1 = 0. Let b(o) = -o**3 - m + 10*o**2 - o**2 + 0*o + 2*o + 0*o**2. What is the units digit of b(8)?
1
Let g = -2360 - -5809. What is the tens digit of g?
4
Let y be (-1)/(2/16*-1). Suppose 4*c + 176 = y*c - 5*u, 3*c = 5*u + 137. What is the tens digit of c?
3
Let z(x) = -x**3 + 7*x**2 - 5*x + 2. Let k = -14 + 35. Let o = -15 + k. What is the units digit of z(o)?
8
What is the hundreds digit of (3784/(-11))/((-6)/21)?
2
Let m(u) = -34*u - 196. What is the tens digit of m(-22)?
5
Let o = -75 - -2. Let g = o - -281. What is the units digit of g?
8
Suppose 0*u = -2*u + 2192. What is the thousands digit of u?
1
Let y(k) = -4*k**2 + 8*k**2 - 11 + 2*k**2 - 3*k. What is the tens digit of y(-5)?
5
Suppose -7*y = -212 - 40. Let r = y - -99. What is the units digit of r?
5
Let x = 11 + 8. Suppose 5*z = 44 - x. What is the tens digit of 1*(1 - -2*z)?
1
Let z = 1 - -1. Suppose -z*m + 138 = -5*x, x - 4*x = 6. Suppose -3*l + 4*k = -m, -2*l + 11 = -k - 25. What is the units digit of l?
6
What is the hundreds digit of (9156/(-48))/(1 - 9/8)?
5
Let b be (-10268)/51 + 4/(-6). What is the tens digit of (2 - b/(-10))*-5?
9
Let r = -462 - -272. Let c = -78 - r. What is the hundreds digit of c?
1
Let b(s) be the second derivative of s**4/6 + 5*s**3/6 - 2*s**2 + s. Let a be b(-4). Suppose -3*m + a = m. What is the units digit of m?
2
Let y(i) = 8*i**2 + 12*i - 19. What is the thousands digit of y(17)?
2
Let k = -396 - -827. What is the hundreds digit of k?
4
Let j = 10 - 10. Suppose -2*z - z + y + 190 = j, -4*z - 4*y = -280. What is the units digit of z?
5
Let a(k) = k**2 - 2*k + 4. Let d be a(3). Suppose -2*i - 48 = -d*i + 4*g, 45 = 4*i - g. What is the units digit of 78*-2*(-2)/i?
6
Let j = -377 + 593. What is the units digit of j?
6
Let j(c) be the first derivative of c - 2*c + 2*c**2 - 2*c - 10 - 5*c. What is the units digit of j(9)?
8
Let f = 1330 + -531. Suppose -4*p = 2*s - 310, 2*p + f = -0*s + 5*s. What is the units digit of s?
9
Suppose 3*u + 2*z + 2*z = 2, -u - 2*z + 2 = 0. What is the tens digit of (27/u)/(3/(-8))?
3
Let a = -82 + 355. What is the tens digit of a?
7
Suppose 0*n + 32 = 4*n. Let d = -503 - -507. Suppose 4*s = n + d. What is the units digit of s?
3
Let n(l) = -l**2 + 22*l - 25. Let c be n(20). Suppose 3*j + 5*v - 83 = j, 3*v - c = 0. Suppose j - 4 = f. What is the units digit of f?
5
Suppose 4*r + 88 = -0*r. Let h be 2*22/(-4) + -4. Let l = h - r. What is the units digit of l?
7
What is the units digit of 1627/25 - 76/950?
5
Suppose 178*m - 185*m + 700 = 0. What is the hundreds d